rue
Suppose -5*o + 48687 - 12212 = 0. Is o composite?
True
Suppose -11 = -5*g - 2*d - 39, -d - 24 = 5*g. Is 2/(-5) - g/((-40)/(-1494)) composite?
False
Suppose 7*s - 4*s - 9143 = 5*d, -4*s = d - 12183. Is s a composite number?
True
Suppose 0 = 3*n - 2*n - 5. Suppose -n*l = -2*k + 291, -k + 0*k + 147 = -4*l. Is k prime?
False
Suppose -2*j = j - 5*b, 10 = 5*j - 5*b. Suppose 0 = -j*x + 1063 + 532. Is x a composite number?
True
Suppose -479 = -3*i + 4*i. Let c = i - -928. Let j = -264 + c. Is j a prime number?
False
Suppose 0*w - 24 = 3*w. Let g be (0 + w/4)*-4. Suppose 4*y - 52 = -g. Is y a composite number?
False
Let d(p) = p**2 - 10*p + 11. Let m(u) = 3*u + 3*u + u + 2 - 5*u. Let w be m(-6). Is d(w) prime?
True
Is ((-297814)/(-11) - -13)/1 a composite number?
True
Let d(a) = -a**3 + 38*a**2 - 20*a + 75. Is d(32) composite?
True
Is ((-43986)/24)/(1*2/(-8)) a prime number?
True
Suppose -3*y - 264 = -5*r + 86, -5*y + 3*r = 578. Is (-2212)/(-5) + -4 + y/(-25) a composite number?
False
Let q = 23 - 21. Suppose -2*l = q*r - 76, r - 6*r - 125 = -4*l. Is l composite?
True
Suppose 0 = 5*t - 3*v - 75, -v - 4*v - 1 = 2*t. Is 6399/12 - 3/t a composite number?
True
Let k be (1*84 - 3) + -3. Suppose 4*f - k = 30. Let w = f + 26. Is w a composite number?
False
Suppose 0 = 3*v - 15, 4*v + 240 = s + 4*s. Let u = s + 835. Is u a composite number?
False
Let t(m) = 17*m**2 - 11*m - 3. Let h be t(-5). Let i = h - 334. Is i composite?
True
Suppose 0 = -5*y - 4*w + 38037, -3*y + 27*w - 32*w = -22817. Is y composite?
True
Suppose -4*b + 314 = -g - 1080, b - 2*g - 352 = 0. Let t be 154/28 + 6/4. Suppose -t*s + b = -3*s. Is s composite?
True
Let b(x) = -3 + 271*x**2 - 3 + 7 - 2*x. Let k be b(1). Let m = 29 + k. Is m a prime number?
False
Suppose 4*l + 2 = -2*w, 7 = 4*l - 3*w - 16. Suppose 4*o = h + o - 93, 0 = -h + l*o + 89. Suppose 3*y - 21 = h. Is y prime?
False
Let g be ((-2)/(-2))/(8/(-16)). Let v be ((-332)/(-4))/(g/16). Let p = v - -1155. Is p a prime number?
True
Let d(m) = -m**2 + 6*m. Let r be d(5). Let x(n) = 21 + 2*n - 14 - 13. Is x(r) a prime number?
False
Let o(r) = r**2 - 7*r - 6. Let c be o(8). Suppose -25 = -c*k - 85. Is k/6*(-423)/15 a composite number?
True
Let a be (3/(-2))/((-12)/10144*2). Is a/(1 - (-4 + 3)) a prime number?
True
Suppose -3*h + l + 18 = -13, 3*l + 9 = 2*h. Suppose h*q = 7*q. Suppose -2*o = -5*j + 3939, q = 2*j + 3*j - 5*o - 3945. Is j a prime number?
True
Suppose 7*n + 2996 = 9*n + 2*w, 2*w = 5*n - 7497. Is n composite?
False
Let c = -17 - -17. Suppose -4*z + 4*j + 3696 = c, -2*j + 3419 + 1166 = 5*z. Is z composite?
False
Is 72241 - (-3 + (-15)/(-5)) composite?
True
Let s = -12 - -15. Suppose -f + 0 = -s*h + 2, f + h = 6. Suppose -f*m = y - 87, -2*y - 5*m = -2*m - 184. Is y composite?
True
Let w = 18 - 0. Let t be (w/3)/((-1)/1). Is 12/t - (0 - 23) prime?
False
Let m(f) = -5*f - 8. Suppose 0 = -4*q - 3*a - 15, -2*q - 6 = -0*a + 2*a. Is m(q) prime?
False
Let h(d) = -12*d - 8. Let m be h(-3). Is (-796)/(-10)*70/m composite?
False
Let b(a) be the second derivative of a**4 + 5*a**3/6 + 5*a**2/2 - 14*a. Is b(6) composite?
False
Let d = -156480 - -277099. Is d composite?
False
Suppose b - 1847 - 1582 = -4*x, -3*x = 4*b - 13690. Is b a composite number?
True
Let f = 2248 + 907. Is f composite?
True
Let m = 35 - 30. Suppose 0*i = m*i - 105. Is i prime?
False
Let m(v) = 3*v**2 + 2*v**2 - 4*v**2 - 7*v. Let x be m(7). Suppose -2*f = n - x*n - 383, 4*n - 1497 = -f. Is n prime?
True
Is (26 - -7710)*(-3)/(-12) prime?
False
Suppose f + f - 954 = 0. Let x = -477 - -481. Suppose -f + 121 = -x*p. Is p a prime number?
True
Suppose -27*c + 445958 + 35371 = 0. Is c composite?
False
Is (-16)/(-80)*809*5 prime?
True
Let m be (8880/(-28))/(1/7). Let h = m + 3365. Is h prime?
False
Let i(p) = -p**2 - 5*p + 7. Let n be i(-5). Suppose -12*b = -n*b. Suppose -m - 129 = -4*s - 0*m, b = -m - 5. Is s a composite number?
False
Suppose 2*w = 4*w - 3*c - 13, 0 = 3*w - c - 37. Let f = 2 - -19. Let h = w + f. Is h prime?
False
Suppose -5*d + 5*f + 90 = 0, 0 = -4*d - 5*f + 71 + 10. Is d prime?
True
Suppose -i + 8*z - 2946 = 5*z, 5880 = -2*i + 3*z. Is 2/(-1) - (-10)/((-60)/i) a prime number?
True
Suppose -2358 = -3*i - q, 6*i + 781 = 7*i + 2*q. Is i a composite number?
False
Let p(r) = 7*r**3 + 7*r**2 - 19. Is p(4) prime?
True
Suppose -21*y = -18*y - 20130. Suppose -6*p = 380 - y. Is p prime?
False
Suppose 3*y = -x + 7032, 8 = -y + 5. Is x composite?
True
Suppose -5*v = -v - 0*v. Suppose v*h + 993 = 2*k + 3*h, k + 2*h = 499. Is k a prime number?
False
Let j(v) = 9*v**2 + 4*v - 18. Is j(-5) a composite number?
True
Suppose -10*i = -624 - 1376. Let v = 383 - i. Is v a prime number?
False
Is ((-12893)/12*3)/((-1)/4) prime?
True
Suppose -5*z = -2*u + 4879, 2*z + 4849 = 2*u + 3*z. Is u a prime number?
False
Is -55*(183*(-63)/35 + 4) a prime number?
False
Let a(m) = -m**2 - 12*m + 5. Let r be a(-12). Suppose 0 = -3*j - q + 493, r*j - 5*q + 2*q - 803 = 0. Is j a composite number?
False
Let m(d) = -13*d**3 - 9*d - 3. Is m(-4) a prime number?
False
Let y = -395 - -775. Let g = 343 - 90. Let u = y - g. Is u composite?
False
Let j be (-6)/((-2)/(4 + -2)). Suppose -o - j = d, 0 = -o + d + 3 - 17. Is (o/(-30))/((-1)/(-1563)) prime?
True
Suppose -t = -7*t + 30. Suppose -3*u = -t*n + 24, 2*n - 2*u + 2 = 14. Suppose 183 = 3*p + c + 2*c, n*p - 162 = 4*c. Is p prime?
False
Let c = -579 - 272. Let f = 3558 + c. Is f prime?
True
Suppose 3*l - 4*n = 7083 + 7434, -2*l - 4*n = -9658. Is l prime?
False
Is (4/(-10))/(2 - 40364/20180) composite?
True
Let p(d) = -193*d + 10 + 10 - 11. Is p(-4) prime?
False
Let r(c) = -c**2 + 4*c - 3 - 1 - 2. Let w be r(5). Let m = w - -32. Is m prime?
False
Let p be -6*(-3 + (-20)/(-8)). Suppose 2 = p*u - 16. Suppose -u = -2*w + 22. Is w a prime number?
False
Let g(r) = 21235*r + 36. Is g(1) a prime number?
False
Let j(r) = 55654*r**3 + 2*r**2 + 4*r - 5. Is j(1) a composite number?
True
Let f = 237 + -235. Suppose 3*c - 2*n - 16 = 48, -n - 59 = -3*c. Suppose f*p - 348 = -2*q, -3*q = p + c - 182. Is p a composite number?
False
Suppose -12*x + 17*x - 15 = 0. Suppose -x*n - 5*d = -3553, 2*n - 5903 = -3*n + d. Is n a prime number?
True
Suppose 4*r = 8*n - 6*n + 34002, 3*n - 34007 = -4*r. Is r a composite number?
False
Suppose -86*m - 244791 = -3*r - 89*m, 3*r + 4*m = 244789. Is r prime?
False
Suppose -5*f - 206 = -106. Let q(m) = -211*m - 1. Let d be q(1). Is 5*(d/f - 3) composite?
True
Let b(q) = -1247*q**3 - 1. Let l be b(-1). Let d = -803 + l. Is d composite?
False
Let s(l) = -l**2 - l - 1. Let r(f) = 8*f**2 - 5*f - 2. Let x(w) = r(w) - 5*s(w). Is x(-4) a composite number?
False
Let l(i) = 9*i**2 + 7*i - 91. Is l(15) prime?
True
Let l(r) = 3 + 16*r**2 + 0*r - 1 + 5*r. Let h(w) = -8*w - 43. Let m be h(-5). Is l(m) a prime number?
True
Let u(w) = w**3 + 6*w**2 - 8*w - 11. Let b be u(-7). Is 550 + (b + -2)/(-6) prime?
False
Let s be 17 + (3 - (-2 - -7)). Let j = s - 17. Let l = 117 - j. Is l prime?
False
Let l be (-29)/(-5) + 5/25. Let h be l/2 - (16 + -4). Let p = 254 - h. Is p a prime number?
True
Let w = 2271 - 1602. Let d(b) = 13*b**2 + 5*b - 26. Let k be d(7). Suppose k + w = 5*i. Is i a prime number?
True
Suppose 7*a = a + 816. Let r = a + 21. Is r a prime number?
True
Suppose 5*d - 1468 = -573. Let n = -125 + d. Let x = n - 35. Is x a composite number?
False
Suppose -15 = -k + 2*y, -2*y + 5 = 15. Suppose -2*x - 6536 = -4*l, -4*l + k*x + 8175 = l. Is l composite?
True
Let c be (-1 + (-20)/(-12))*51. Let d = c - 102. Let w = 137 + d. Is w prime?
False
Suppose 2*z - a = -z + 44736, -2*z = -2*a - 29820. Suppose -q - 8*q = -z. Is q composite?
False
Suppose 4*q + 1775 = 4*p + 5607, 4*p = -q - 3822. Let w(t) = 1365*t**3 + t + 1. Let u be w(-1). Let j = p - u. Is j a prime number?
True
Suppose 0*x + 4*m = 3*x - 42050, 4*m = 2*x - 28032. Suppose 3452 - x = -6*g. Is g a prime number?
False
Suppose -4*o - 15*v + 28516 = -10*v, -v = -o + 7129. Is o composite?
False
Suppose -502013 = -10*o + 212777. Is o a prime number?
True
Let d(n) = n**3 + 4*n**2 + n + 4. Let v be d(-3). Let k(h) = h**3 - 3*h**2 - 23*h - 9. Let u be k(8). Suppose -9*c = -v*c + u. Is c composite?
False
Let o(n) = -14*n**3 - 4*n**2 - 36*n - 50. Let j(m) = 5*m**3 + m**2 + 12*m + 17. Let s(v) = 11*j(v) +